e 11
1575a
-1c45 (base 14) to base 5
-131112
What is 11215 (base 6) in base 4?
120323
What is 140131 (base 5) in base 2?
1011000100010
What is -11011211 (base 3) in base 14?
-1178
What is -12542 (base 9) in base 11?
-63a3
-5dc (base 15) to base 11
-1001
-5e8 (base 15) to base 5
-20333
What is 648 (base 11) in base 4?
30022
66b (base 13) to base 5
13403
101010000110110 (base 2) to base 4
11100312
-1e52 (base 15) to base 14
-2598
323 (base 4) to base 8
73
Convert -1141010 (base 6) to base 7.
-336312
Convert 4803 (base 15) to base 7.
62421
1321 (base 6) to base 10
337
11824 (base 11) to base 15
5061
What is -100100111010010 (base 2) in base 16?
-49d2
What is -122012 (base 3) in base 5?
-3324
Convert 565 (base 9) to base 13.
299
Convert -2542 (base 10) to base 9.
-3434
Convert 2842 (base 13) to base 14.
2184
Convert 33336 (base 7) to base 2.
10000011010110
What is 691 (base 16) in base 13?
9c4
Convert -136 (base 13) to base 9.
-257
-3122130 (base 4) to base 9
-21153
Convert -788 (base 11) to base 15.
-42d
Convert a46 (base 13) to base 2.
11011010100
Convert 11011010001 (base 2) to base 10.
1745
What is -2331101 (base 4) in base 5?
-341423
Convert -637 (base 9) to base 10.
-520
2000 (base 5) to base 16
fa
What is 10925 (base 12) in base 7?
121214
116 (base 10) to base 4
1310
-294 (base 16) to base 10
-660
What is 7b2b (base 12) in base 14?
4dd9
-153 (base 6) to base 5
-234
-111000101 (base 2) to base 14
-245
Convert 0 (base 4) to base 7.
0
What is -3592 (base 13) in base 11?
-5749
-6c0 (base 14) to base 7
-3630
-1200121 (base 3) to base 16
-4cf
-4314 (base 5) to base 10
-584
What is -39 (base 11) in base 13?
-33
Convert -33132 (base 4) to base 13.
-5b2
-9154 (base 10) to base 13
-4222
What is -162 (base 14) in base 12?
-1b6
Convert 896b (base 12) to base 13.
6bc6
Convert 106216 (base 8) to base 6.
434330
Convert -140432 (base 8) to base 14.
-14030
What is 6185 (base 13) in base 16?
3494
Convert -2e3 (base 15) to base 3.
-220120
1113 (base 5) to base 15
a8
What is -3560 (base 10) in base 14?
-1424
Convert 308 (base 12) to base 6.
2012
What is 63616 (base 8) in base 11?
18a10
What is 1a24 (base 15) in base 12?
3337
What is 5451 (base 13) in base 11?
88a1
Convert -62726 (base 9) to base 5.
-2311130
-252241 (base 6) to base 8
-54041
33110 (base 5) to base 7
6435
-121011 (base 4) to base 3
-2012110
Convert -1633 (base 8) to base 3.
-1021012
What is -4131233 (base 5) in base 4?
-100201231
What is 1b7 (base 15) in base 9?
481
-1827 (base 13) to base 6
-24330
Convert 3a13 (base 12) to base 4.
1213233
Convert -325512 (base 7) to base 11.
-39a73
What is -20322211 (base 4) in base 10?
-36517
-11000100 (base 2) to base 3
-21021
What is 781 (base 11) in base 4?
32220
What is -16af (base 16) in base 4?
-1122233
-323 (base 7) to base 2
-10100100
Convert -323 (base 16) to base 15.
-388
321 (base 10) to base 6
1253
Convert -246 (base 14) to base 7.
-1216
What is -212210212 (base 3) in base 16?
-43cd
Convert -15a (base 16) to base 14.
-1aa
What is 3568 (base 10) in base 7?
13255
What is 460 (base 12) in base 16?
288
Convert -10011100100101110 (base 2) to base 15.
-18b4e
-9070 (base 15) to base 7
-154602
Convert 510 (base 8) to base 2.
101001000
46765 (base 8) to base 12
b671
-232621 (base 8) to base 13
-2a0c1
Convert -47b (base 15) to base 14.
-528
What is -10112121221 (base 3) in base 2?
-10001000001010000
Convert -59 (base 10) to base 4.
-323
311113 (base 4) to base 3
11200111
What is -480 (base 10) in base 2?
-111100000
321f (base 16) to base 8
31037
25a (base 15) to base 3
201211
What is -2203 (base 5) in base 10?
-303
1120 (base 6) to base 7
525
545 (base 7) to base 16
116
Convert 5557 (base 16) to base 11.
15461
What is 49f6 (base 16) in base 9?
27867
-112421 (base 5) to base 9
-5567
-1000210 (base 3) to base 9
-1023
187 (base 16) to base 10
391
What is 2340 (base 8) in base 7?
3432
Convert 79603 (base 10) to base 7.
451036
What is 268b (base 15) in base 3?
102021212
What is 7cc (base 15) in base 16?
6e7
Convert 1829 (base 10) to base 11.
1413
10001022 (base 3) to base 10
2222
Convert 10011010001 (base 2) to base 6.
5413
Convert 10202 (base 6) to base 14.
6dc
What is -121021 (base 3) in base 5?
-3224
Convert 2ab (base 12) to base 15.
1ce
What is -362 (base 9) in base 5?
-2144
8c52 (base 16) to base 9
54243
What is -15a (base 16) in base 8?
-532
What is 71624 (base 9) in base 13?
18610
Convert 20030002 (base 4) to base 6.
415134
Convert -9aa1 (base 13) to base 12.
-105b6
Convert 299 (base 15) to base 16.
252
What is -2a9 (base 12) in base 10?
-417
-2182 (base 12) to base 16
-e72
Convert -6155 (base 13) to base 15.
-3e9b
Convert -136b (base 12) to base 3.
-10002002
-1030202 (base 4) to base 16
-1322
What is 13222332 (base 4) in base 5?
2001142
What is 1b5 (base 13) in base 6?
1245
15211 (base 7) to base 3
12210101
Convert -21352 (base 6) to base 15.
-d18
Convert -399 (base 14) to base 13.
-438
Convert 21203 (base 5) to base 4.
112110
What is -550 (base 9) in base 8?
-702
-145210 (base 6) to base 11
-a675
-6137 (base 10) to base 11
-467a
Convert -3243 (base 8) to base 5.
-23244
Convert 1200022121 (base 3) to base 16.
810d
Convert 2121121021 (base 3) to base 2.
1100100100001101
Convert -707 (base 15) to base 7.
-4420
What is -24311 (base 6) in base 7?
-13261
-29a (base 12) to base 4
-12112
What is -3012 (base 13) in base 11?
-4a66
Convert -6f4 (base 16) to base 5.
-24110
10001110111110010 (base 2) to base 10
73202
What is -100000000111101 (base 2) in base 10?
-16445
Convert -230 (base 11) to base 5.
-2100
What is -9a (base 12) in base 10?
-118
What is aa3 (base 12) in base 9?
2126
Convert -103 (base 16) to base 8.
-403
-2c0 (base 14) to base 7
-1430
Convert -163 (base 16) to base 6.
-1351
-223341 (base 5) to base 15
-2566
What is 3340 (base 5) in base 2?
111010110
What is -7076 (base 8) in base 6?
-24514
Convert -1011011101 (base 2) to base 12.
-511
Convert 25460 (base 7) to base 4.
1221203
Convert 1435 (base 13) to base 5.
43132
What is -385 (base 11) in base 2?
-111001000
Convert -93 (base 14) to base 4.
-2001
What is 2201120222 (base 3) in base 5?
3204043
1576 (base 8) to base 14
47c
Convert 2490 (base 12) to base 8.
10054
What is -1213111 (base 4) in base 3?
-100001221
Convert 181 (base 12) to base 7.
463
What is 103161 (base 8) in base 13?
12886
What is -2bdb (base 14) in base 13?
-374b
Convert 58 (base 16) to base 5.
323
What is 110112 (base 3) in base 12?
242
Convert -11130030 (base 4) to base 3.
-1010120100
-412 (base 16) to base 14
-546
-133 (base 7) to base 10
-73
11111001010 (base 2) to base 6
13122
What is 1000001101 (base 2) in base 13?
315
Convert -a47a (base 15) to base 10.
-34765
-515231 (base 6) to base 13
-15a87
51 (base 7) to base 4
210
Convert 950b (base 15) to base 16.
7b17
Convert -b833 (base 12) to base 8.
-47347
What is -210100 (base 3) in base 15?
-286
What is ba4 (base 15) in base 13?
1273
What is -41b (base 15) in base 4?
-32132
What is 36 (base 15) in base 11?
47
1300 (base 5) to base 15
d5
Convert 2374 (base 10) to base 2.
100101000110
What is -203032 (base 4) in base 12?
-137a
Convert -7949 (base 10) to base 14.
-2c7b
What is 4904 (base 15) in base 7?
63163
-8841 (base 14) to base 7
-125511
Convert ae (base 16) to base 13.
105
-16923 (base 11) to base 8
-56275
b21 (base 14) to base 9
2887
Convert -5825 (base 9) to base 3.
-12220212
Convert 20200 (base 3) to base 16.
b4
What is 163 (base 9) in base 6?
350
What is 1281 (base 9) in base 12?
684
What is -1555 (base 6) in base 4?
-12233
Convert -1313 (base 10) to base 6.
-10025
-11001110110 (base 2) to base 14
-862
What is -630 (base 10) in base 5?
-10010
What is a7a8 (base 13) in base 5?
1221131
What is -815 (base 9) in base 13?
-3bc
Convert -4047 (base 10) to base 6.
-30423
3bd (base 16) to base 2
1110111101
Convert 6733 (base 10) to base 3.
100020101
Convert 10101111 (base 2) to base 14.
c7
16311 (base 7) to base 3
20022220
3b6a (base 13) to base 14
317c
What is -183 (base 13) in base 7?
-543
What is 177 (base 16) in base 6?
1423
What is -11210101 (base 3) in base 15?
-107d
-81a (base 15) to base 16
-721
What is 71455 (base 8) in base 13?
10561
What is -5144 (base 7) in base 13?
-a82
Convert 2a27 (base 11) to base 7.
14242
Convert -1bb (base 15) to base 12.
-295
-20110121 (base 3) 